{"id":419,"date":"2018-03-12T17:02:39","date_gmt":"2018-03-12T17:02:39","guid":{"rendered":"http:\/\/budokaj.de\/?page_id=419"},"modified":"2018-03-12T17:15:36","modified_gmt":"2018-03-12T17:15:36","slug":"datenschutz-erklaerung","status":"publish","type":"page","link":"https:\/\/budokaj.de\/?page_id=419","title":{"rendered":"Datenschutz Erkl\u00e4rung"},"content":{"rendered":"<p><span style=\"color: #434343;\"><span style=\"font-family: 'Times New Roman', serif;\"><span style=\"font-size: large;\"><b>Datenschutzerkl\u00e4rung gem\u00e4\u00df <\/b><span style=\"color: #262626;\"><b>2016\/679 (Datenschutz-Grundverordnung)<\/b><\/span><b> <\/b><span style=\"color: #262626;\">EU-DSGVO und das BDSG (neu)<\/span><\/span><\/span><\/span><\/p>\n<p><a name=\"__DdeLink__2482_595412850\"><\/a> <span style=\"color: #434343;\"><span style=\"font-family: Times-Roman, serif;\"><span style=\"font-size: medium;\"><b>Geltungsbereich<\/b><\/span><\/span><\/span><\/p>\n<p><span style=\"color: #343434;\"><span style=\"font-family: Times-Roman, serif;\"><span style=\"font-size: medium;\">Diese Datenschutzerkl\u00e4rung kl\u00e4rt Nutzer \u00fcber die Art, den Umfang und Zwecke der Erhebung und Verwendung personenbezogener Daten durch den verantwortlichen Anbieter [Prof.Dr.Helmut Kogel, Eggeweg 9, 59558 Lippstadt, e-mail: <a href=\"mailto:helmut.kogel@t-online.de\">helmut.kogel@t-online.de<\/a>, Tel.: 02948 2600] auf dieser Website (im folgenden \u201cAngebot\u201d) auf.\u2028\u2028Die rechtlichen Grundlagen des Datenschutzes finden sich im Bundesdatenschutzgesetz (BDSG) und dem Telemediengesetz (TMG).\u2028<\/span><\/span><\/span><\/p>\n<p><span style=\"color: #434343;\"><span style=\"font-family: Times-Roman, serif;\"><span style=\"font-size: medium;\"><b>Einbindung von Diensten und Inhalten Dritter<\/b><\/span><\/span><\/span><\/p>\n<p><span style=\"color: #343434;\"><span style=\"font-family: Times-Roman, serif;\"><span style=\"font-size: medium;\">Es kann vorkommen, dass innerhalb dieses Onlineangebotes Inhalte Dritter, wie zum Beispiel Videos von YouTube, Kartenmaterial von Google-Maps, RSS-Feeds oder Grafiken von anderen Webseiten eingebunden werden. Dies setzt immer voraus, dass die Anbieter dieser Inhalte (nachfolgend bezeichnet als &#8222;Dritt-Anbieter&#8220;) die IP-Adresse der Nutzer wahr nehmen. Denn ohne die IP-Adresse, k\u00f6nnten sie die Inhalte nicht an den Browser des jeweiligen Nutzers senden. Die IP-Adresse ist damit f\u00fcr die Darstellung dieser Inhalte erforderlich. Wir bem\u00fchen uns nur solche Inhalte zu verwenden, deren jeweilige Anbieter die IP-Adresse lediglich zur Auslieferung der Inhalte verwenden. Jedoch haben wir keinen Einfluss darauf, falls die Dritt-Anbieter die IP-Adresse z.B. f\u00fcr statistische Zwecke speichern. Soweit dies uns bekannt ist, kl\u00e4ren wir die Nutzer dar\u00fcber auf.<\/span><\/span><\/span><\/p>\n<p><span style=\"color: #434343;\"><span style=\"font-family: Times-Roman, serif;\"><span style=\"font-size: medium;\"><b>Jetpack\/Wordpress.com-Stats<\/b><\/span><\/span><\/span><\/p>\n<p><span style=\"color: #343434;\"><span style=\"font-family: Times-Roman, serif;\"><span style=\"font-size: medium;\">Dieses Angebot nutzt <\/span><\/span><\/span><a href=\"http:\/\/wordpress.org\/extend\/plugins\/jetpack\/\"><span style=\"color: #ae946b;\"><span style=\"font-family: Times-Roman, serif;\"><span style=\"font-size: medium;\">Jetpack<\/span><\/span><\/span><\/a><span style=\"color: #343434;\"><span style=\"font-family: Times-Roman, serif;\"><span style=\"font-size: medium;\">, ein Tool zur statistischen Auswertung der Besucherzugriffe, betrieben von <\/span><\/span><\/span><a href=\"http:\/\/automattic.com\/\"><span style=\"color: #ae946b;\"><span style=\"font-family: Times-Roman, serif;\"><span style=\"font-size: medium;\">Automattic<\/span><\/span><\/span><\/a><span style=\"color: #343434;\"><span style=\"font-family: Times-Roman, serif;\"><span style=\"font-size: medium;\">, Inc. 132 Hawthorne Street San Francisco, CA 94107, USA, unter Einsatz der Trackingtechnologie von <\/span><\/span><\/span><a href=\"http:\/\/www.quantcast.com\/\"><span style=\"color: #ae946b;\"><span style=\"font-family: Times-Roman, serif;\"><span style=\"font-size: medium;\">Quantcast<\/span><\/span><\/span><\/a><span style=\"color: #343434;\"><span style=\"font-family: Times-Roman, serif;\"><span style=\"font-size: medium;\"> Inc., 201 3rd St, Floor 2, San Francisco, CA 94103-3153, USA. WordPress.com-Stats verwendet sog. &#8222;Cookies&#8220;, Textdateien, die auf Ihrem Computer gespeichert werden und die eine Analyse der Benutzung der Website durch Sie erm\u00f6glichen. Die durch den Cookie erzeugten Informationen \u00fcber Ihre Benutzung dieses Internetangebotes werden auf einem Server in den USA gespeichert. Die IP-Adresse wird sofort nach der Verarbeitung und vor deren Speicherung anonymisiert. Sie k\u00f6nnen die Installation der Cookies durch eine entsprechende Einstellung Ihrer Browser Software verhindern; wir weisen Sie jedoch darauf hin, dass Sie in diesem Fall gegebenenfalls nicht s\u00e4mtliche Funktionen dieser Website vollumf\u00e4nglich nutzen k\u00f6nnen. Sie k\u00f6nnen der Erhebung und Nutzung der Daten durch Quantcast mit Wirkung f\u00fcr die Zukunft widersprechen, indem Sie an dieser Stelle durch einen Klick auf den Link &#8222;Click here to opt-out&#8220; ein Opt-Out-Cookie in Ihrem Browser setzen: <\/span><\/span><\/span><a href=\"http:\/\/www.quantcast.com\/opt-out\"><span style=\"color: #ae946b;\"><span style=\"font-family: Times-Roman, serif;\"><span style=\"font-size: medium;\">http:\/\/www.quantcast.com\/opt-out<\/span><\/span><\/span><\/a><span style=\"color: #343434;\"><span style=\"font-family: Times-Roman, serif;\"><span style=\"font-size: medium;\">. Sollten Sie alle Cookies auf Ihrem Rechner l\u00f6schen, m\u00fcssen Sie das Opt-Out-Cookie erneut setzen.<\/span><\/span><\/span><\/p>\n<p><span style=\"color: #434343;\"><span style=\"font-family: Times-Roman, serif;\"><span style=\"font-size: medium;\"><b>Widerruf, \u00c4nderungen, Berichtigungen und Aktualisierungen<\/b><\/span><\/span><\/span><\/p>\n<p><span style=\"color: #343434;\"><span style=\"font-family: Times-Roman, serif;\"><span style=\"font-size: medium;\">Der Nutzer hat das Recht, auf Antrag unentgeltlich Auskunft zu erhalten \u00fcber die personenbezogenen Daten, die \u00fcber ihn gespeichert wurden. Zus\u00e4tzlich hat der Nutzer das Recht auf Berichtigung unrichtiger Daten, Sperrung und L\u00f6schung seiner personenbezogenen Daten, soweit dem keine gesetzliche Aufbewahrungspflicht entgegensteht.<\/span><\/span><\/span><\/p>\n<p><a href=\"https:\/\/datenschutz-generator.de\/\"><span style=\"color: #434343;\"><span style=\"font-family: Times-Roman, serif;\"><span style=\"font-size: medium;\"><b>Erstellt mit Datenschutz-Generator.de von RA Dr. Thomas Schwenke<\/b><\/span><\/span><\/span><\/a><\/p>\n","protected":false},"excerpt":{"rendered":"<p>Datenschutzerkl\u00e4rung gem\u00e4\u00df 2016\/679 (Datenschutz-Grundverordnung) EU-DSGVO und das BDSG (neu) Geltungsbereich Diese Datenschutzerkl\u00e4rung kl\u00e4rt Nutzer \u00fcber die Art, den Umfang und Zwecke der Erhebung und Verwendung personenbezogener Daten durch den verantwortlichen Anbieter [Prof.Dr.Helmut Kogel, Eggeweg 9, 59558 Lippstadt, e-mail: helmut.kogel@t-online.de, Tel.: 02948 2600] auf dieser Website (im folgenden \u201cAngebot\u201d) auf.\u2028\u2028Die rechtlichen Grundlagen des Datenschutzes finden sich &hellip; <a href=\"https:\/\/budokaj.de\/?page_id=419\" class=\"more-link\"><span class=\"screen-reader-text\">Datenschutz Erkl\u00e4rung<\/span> weiterlesen<\/a><\/p>\n","protected":false},"author":2,"featured_media":0,"parent":0,"menu_order":2,"comment_status":"closed","ping_status":"closed","template":"","meta":{"footnotes":""},"class_list":["post-419","page","type-page","status-publish","hentry"],"_links":{"self":[{"href":"https:\/\/budokaj.de\/index.php?rest_route=\/wp\/v2\/pages\/419","targetHints":{"allow":["GET"]}}],"collection":[{"href":"https:\/\/budokaj.de\/index.php?rest_route=\/wp\/v2\/pages"}],"about":[{"href":"https:\/\/budokaj.de\/index.php?rest_route=\/wp\/v2\/types\/page"}],"author":[{"embeddable":true,"href":"https:\/\/budokaj.de\/index.php?rest_route=\/wp\/v2\/users\/2"}],"replies":[{"embeddable":true,"href":"https:\/\/budokaj.de\/index.php?rest_route=%2Fwp%2Fv2%2Fcomments&post=419"}],"version-history":[{"count":1,"href":"https:\/\/budokaj.de\/index.php?rest_route=\/wp\/v2\/pages\/419\/revisions"}],"predecessor-version":[{"id":420,"href":"https:\/\/budokaj.de\/index.php?rest_route=\/wp\/v2\/pages\/419\/revisions\/420"}],"wp:attachment":[{"href":"https:\/\/budokaj.de\/index.php?rest_route=%2Fwp%2Fv2%2Fmedia&parent=419"}],"curies":[{"name":"wp","href":"https:\/\/api.w.org\/{rel}","templated":true}]}}